(-34) + 42/357.
3, 5, 41
Let k = -9 - 21. Suppose 293 = -5*a + f, 2*f + 22 = -a - 30. Let x = k - a. What are the prime factors of x?
2, 7
Suppose -25*z - 27*z + 47788 = 0. List the prime factors of z.
919
Suppose -3*d - 1260 = -3*w, 2*w + 0*d - d = 842. Let g = w - 279. Suppose -5*l + l = 3*i - g, 4*i - l = 178. List the prime factors of i.
3, 5
Suppose 1724 = -16*w + 10636. List the prime factors of w.
557
Suppose -a = -43 + 33. Suppose -a*r + 1344 = -2*r. What are the prime factors of r?
2, 3, 7
Suppose 28 = -0*p + 4*p. Suppose -p*g + 6*g = 5. What are the prime factors of (9/5)/((-1)/g)?
3
Let o(k) = -20*k**2 + 17*k - 25. Let c(v) = -5*v**2 + 4*v - 6. Let b(w) = -9*c(w) + 2*o(w). What are the prime factors of b(-3)?
5, 11
Suppose 5*p + 14 + 32 = 4*m, -4*m + 4*p + 48 = 0. Suppose 0 = m*o - 2241 - 139. List the prime factors of o.
2, 5, 17
Let l be -3*(9/(-4) + 15/(-20)). Let f(z) = 15*z - 13. List the prime factors of f(l).
2, 61
Let b = -212 + 525. What are the prime factors of b?
313
Let o(w) = 6*w**3 - 3*w**2 + w + 3. Let s = 86 - 84. List the prime factors of o(s).
41
List the prime factors of 83946/21 - ((-240)/28 - -8).
2, 1999
Suppose 3*v = 5*f + 1737, 5*f + 7*v + 1709 = 3*v. Let b = f + 586. List the prime factors of b.
241
Let o = -82 - -77. Let g(q) = -q**3 - 2*q**2 + 14*q + 8. What are the prime factors of g(o)?
13
Let d(c) = -c + 2. Let k be d(-5). Let g be k/(-14) + 66/4. Let w = 33 - g. What are the prime factors of w?
17
Suppose 4*p + 13 = -y, -y - 2*p - 9 = p. Suppose -5*s + 2*k - 296 = 3*k, 0 = y*s + 2*k + 172. Let z = s - -92. List the prime factors of z.
2
Let a = 32 + 78. List the prime factors of a.
2, 5, 11
What are the prime factors of 5/(-15) - 3046/(-3)?
5, 7, 29
Suppose -2*p - 4*d - 10 = 0, -5*d + 0*d - 5 = 5*p. List the prime factors of 15/(-3*p/(-27)).
3, 5
Suppose -2 + 6 = 4*a. Suppose 4*k - 5 = -3*j, 0 = 3*k + 5*j - a. Suppose -k*s = u - 26, 2*s + 78 = 2*u - 4. List the prime factors of u.
2, 3
Suppose -5*i - 223 = -j - 7, 2*i = 3*j - 635. Let x = j - -122. List the prime factors of x.
3, 37
Let i = 1323 + -788. What are the prime factors of i?
5, 107
Let j be ((-6)/(-10))/((-6)/(-40)). Suppose 260 = u - 4*k, -5*u - 8*k + 1228 = -j*k. What are the prime factors of u?
2, 31
Let q(y) = 2*y**2 - y - 9. Let p(u) = -4*u + 35. Let b be p(10). List the prime factors of q(b).
2, 23
Suppose 1 = 2*w - 2*z - 7, -5*w - 5*z + 30 = 0. List the prime factors of (-2486)/33*(4 + -2 - w).
2, 113
Suppose -s + 3*i + 6 = 0, -5*s + 2*i + 30 = -i. List the prime factors of 516/42 - s/21.
2, 3
Let t = 6 + 306. List the prime factors of t.
2, 3, 13
Let j(q) = 9*q + 7. Let l(i) = 36*i + 27. Let t(w) = 27*j(w) - 6*l(w). List the prime factors of t(4).
3, 5
Suppose 0 = -4*h + 2*t + 2*t + 5220, -5*h + 4*t + 6529 = 0. What are the prime factors of h?
7, 11, 17
Suppose 2*t - 2*x - 404 - 312 = 0, -354 = -t + 5*x. Suppose 5*w - 2*l - t = 0, 2*l - 4 = 2. What are the prime factors of w?
73
Suppose 140*v - 127*v - 12298 = 0. List the prime factors of v.
2, 11, 43
List the prime factors of (404028/(-645))/(6/(-40)).
2, 3, 29
What are the prime factors of ((-822)/9)/((-24)/(-9) + -3)?
2, 137
Let v = -2 - -5. Suppose 0 = -5*k - 4*o - 252, -v*k - 5*o - 148 = -o. Let y = k + 124. List the prime factors of y.
2, 3
Let p be (6/4)/((-1)/2). List the prime factors of 58 + (p + (-60)/(-16))*4.
61
Let i = -25 + 25. Suppose i*c - 528 = -4*c. List the prime factors of c.
2, 3, 11
Let q(y) = -y**3 + 5*y**2 - 5*y + 9. Let h be q(4). Suppose 0 = 5*r + n - 768, 3*n - 214 - 550 = -h*r. What are the prime factors of r?
2, 7, 11
Suppose 23*r + 2851 = 24*r + 5*i, -25 = 5*i. What are the prime factors of r?
2, 719
Let o(f) = -f**3 - 39*f**2 - 39*f - 15. What are the prime factors of o(-40)?
5, 17, 37
Let h(l) = -8*l**2 - l + 1. Let y be h(-2). Let t = y + 29. What are the prime factors of (t + 42)*(-3)/(-2)?
3, 7
Let o be (2 - 0/3)/(3/18). Suppose h - k = -5*k + 13, 3*h - 69 = 3*k. Let y = h + o. What are the prime factors of y?
3, 11
Suppose -43 = -t + 4*r, -9*r = -4*r + 25. What are the prime factors of t?
23
Suppose 16*n = 9*n + 10437. What are the prime factors of n?
3, 7, 71
List the prime factors of (11344/12 + 5)*3.
2851
Suppose -o + 4*w - 9*w + 911 = 0, 2*o + 2*w = 1838. List the prime factors of o.
3, 307
What are the prime factors of ((-105)/(-70))/((-3)/(-1966))?
983
Let a = -3 - -100. Suppose -3*c - 5*g + a = -0*c, 0 = 4*g + 4. Let n = c - 14. List the prime factors of n.
2, 5
Let n = 619 - 432. Suppose -5*s - n = -2*p, -5*s + 0*s = -p + 86. List the prime factors of p.
101
Suppose 12*l - 10409 = -1673. List the prime factors of l.
2, 7, 13
Suppose 4*l + 4 = -4*z + z, -3*z = -5*l - 5. Let w(o) = 28 - 65 + 74 + 2*o. List the prime factors of w(z).
37
Suppose 4*q = 2*q + 120. Let d be (q/(-25))/((-1)/10). Suppose n + 2*n - d = 0. List the prime factors of n.
2
Let l(n) = -62*n - 1. Let t(c) = -1. Let p(i) = l(i) - 2*t(i). Suppose -5*x = 3*s - 22, -2*x = -2*s + s - 11. What are the prime factors of p(s)?
3, 7
Let l(d) = -17*d + 2. Let x(j) = -18*j + 1. Let c(w) = -2*l(w) + 3*x(w). What are the prime factors of c(-1)?
19
Let s(n) = -41*n + 40. Let d(g) = 10*g - 10. Let q(t) = -26*d(t) - 6*s(t). What are the prime factors of q(-10)?
2, 5
Let w(q) = 0*q - 53 + 0*q + q + 55. List the prime factors of w(0).
2
Suppose 4 - 2 = u. Suppose -u = 4*h + 14. Let o = 7 + h. What are the prime factors of o?
3
Let k be (-2)/8 + 27/12. Let j be k/3 - (-169)/39. Suppose -44 = -j*c - 0*v - 2*v, c - 3*v = 2. What are the prime factors of c?
2
Suppose -1 = -2*b - 3. Let j be (-2)/(-4)*(-3 - b). List the prime factors of 560/50 - j/(-5).
11
Suppose 48852 = -62*s + 85*s. List the prime factors of s.
2, 3, 59
Let i(v) = -2 - 11*v**2 - 7*v - 10*v**2 + 32*v**2 - 9*v**2. Let x = -13 + 19. List the prime factors of i(x).
2, 7
Let j(o) = -7*o**2 + 6*o**2 + 4*o**2 + 2*o. Let y be j(3). Suppose -2*p + y = p. What are the prime factors of p?
11
Let j = 10 + -7. Suppose -1 = -4*v + j. What are the prime factors of 55/3 + v/(-3)?
2, 3
Let p(r) = r**3 + 6*r**2 + 4*r - 4. Let q be p(-4). Suppose 0 = -3*v - q - 21. Let d(h) = -h - 3. What are the prime factors of d(v)?
2
What are the prime factors of 13700/(-8)*24/(-15) - 0?
2, 5, 137
Suppose 5*h = 21*h - 2048. List the prime factors of h.
2
Let r = -38 - -27. Let c = 9 + r. List the prime factors of (-58)/(-2) - c - 1.
2, 3, 5
Let r be 4/8*2*1. Suppose a = r + 1. Suppose 3*d = -5*q + 14, -a*q + q = d - 6. What are the prime factors of d?
2
Suppose 3*g + l + 0 - 2 = 0, l = 5. Let q(i) be the first derivative of -23*i**4/4 + i**3/3 - i**2/2 - i + 5. List the prime factors of q(g).
2, 3
Let k(y) = 17*y - 12 + 5*y**2 - 3*y - 5*y. List the prime factors of k(-5).
2, 17
Let j(n) = 1 + 0 - 49*n - 2 + 8*n. What are the prime factors of j(-2)?
3
Let j = -17 - -19. Suppose -34 - 82 = -j*y + a, -174 = -3*y + 4*a. List the prime factors of y.
2, 29
Suppose -161 = -5*b + p, 6*p = 3*p + 12. Suppose -b - 27 = -4*o. What are the prime factors of o?
3, 5
Let r(z) = -z**3 + 13*z**2 + 6*z - 214. List the prime factors of r(12).
2
Let z be 6/(-1)*112/6. Let i be 2 + -2 - z/(-8). Let s = i + 57. List the prime factors of s.
43
Let m be (-14)/(-4) + 2 + 18/(-12). List the prime factors of 7*1 + m + (3 - 4).
2, 5
Suppose 4*f = -4*v + 7132, -v + 1 - 6 = 0. List the prime factors of f.
2, 3, 149
Suppose 171 = 5*c + 56. Let m = c - 20. Suppose 0*b - 5*d - 74 = -3*b, 5*b + m*d - 78 = 0. What are the prime factors of b?
2, 3
Let l = 516 - -123. List the prime factors of l.
3, 71
Let a(u) = -3*u**3 + 4*u - 5. Let b be (-11)/4 - 10/40. List the prime factors of a(b).
2
Let k = 253 + -145. List the prime factors of k.
2, 3
Suppose 2*a + 3*a - 4*m - 8 = 0, -3*m = -5*a + 6. Let p(f) = -f**3 - f + 27. List the prime factors of p(a).
3
Let j(s) = 1 + 3*s**2 - 10 - 2*s**2 + 19*s - 11. What are the prime factors of j(10)?
2, 3, 5
Let g = -11 - -16. Suppose -g*k + 0*k + 10 = 0, -4*l + 5*k = -6. Suppose -l*a + 29 = 3*s, -3*a + 2*a = 4*s + 9. What are the prime factors of a?
11
Suppose 0 = 5*a - 66 - 54. Suppose 0 = -2*y - 2*y + a. List the prime factors of (-58)/(-3) - (-4)/y.
2, 5
Suppose x + 2*x - 288 = 5*o, -15 = 5*o. Let r = x - 27. List the prime factors of r.
2
Let n(r) 